{"id":1167,"date":"2014-02-25T15:45:34","date_gmt":"2014-02-25T15:45:34","guid":{"rendered":"https:\/\/contraloriamonagas.gob.ve\/agency\/gestion-contralora\/"},"modified":"2026-04-09T13:14:49","modified_gmt":"2026-04-09T13:14:49","slug":"gestion-contralora","status":"publish","type":"page","link":"https:\/\/contraloriamonagas.gob.ve\/?page_id=1167","title":{"rendered":"GESTI\u00d3N CONTRALORA"},"content":{"rendered":"<table style=\"border-collapse: collapse; width: 100%; text-align: center; font-family: Arial, sans-serif;\" border=\"1\" cellspacing=\"0\" cellpadding=\"10\">\n<thead>\n<tr style=\"background-color: #16282c;\">\n<th style=\"color: white; font-size: 18px; font-weight: bold; padding: 12px;\"><\/th>\n<th style=\"color: white; font-size: 18px; font-weight: bold; padding: 12px;\"><\/th>\n<\/tr>\n<\/thead>\n<tbody>\n<tr>\n<td style=\"font-size: 18px; font-weight: bold; padding: 10px;\"><\/td>\n<td><\/td>\n<\/tr>\n<tr>\n<td style=\"font-size: 18px; font-weight: bold; padding: 10px;\"><\/td>\n<td><\/td>\n<\/tr>\n<tr>\n<td style=\"font-size: 18px; font-weight: bold; padding: 10px;\"><\/td>\n<td><\/td>\n<\/tr>\n<tr>\n<td style=\"font-size: 18px; font-weight: bold; padding: 10px;\"><\/td>\n<td><\/td>\n<\/tr>\n<tr>\n<td style=\"font-size: 18px; font-weight: bold; padding: 10px;\"><\/td>\n<td><\/td>\n<\/tr>\n<tr>\n<td style=\"font-size: 18px; font-weight: bold; padding: 10px;\"><\/td>\n<td><\/td>\n<\/tr>\n<tr>\n<td style=\"font-size: 18px; font-weight: bold; padding: 10px;\"><\/td>\n<td><\/td>\n<\/tr>\n<tr>\n<td style=\"font-size: 18px; font-weight: bold; padding: 10px;\"><\/td>\n<td><\/td>\n<\/tr>\n<tr>\n<td style=\"font-size: 18px; font-weight: bold; padding: 10px;\"><\/td>\n<td><\/td>\n<\/tr>\n<tr>\n<td style=\"font-size: 18px; font-weight: bold; padding: 10px;\"><\/td>\n<td><\/td>\n<\/tr>\n<tr>\n<td style=\"font-size: 18px; font-weight: bold; padding: 10px;\"><\/td>\n<td><\/td>\n<\/tr>\n<tr>\n<td style=\"font-size: 18px; font-weight: bold; padding: 10px;\"><\/td>\n<td><\/td>\n<\/tr>\n<tr>\n<td style=\"font-size: 18px; font-weight: bold; padding: 10px;\"><\/td>\n<td><\/td>\n<\/tr>\n<tr>\n<td style=\"font-size: 18px; font-weight: bold; padding: 10px;\"><\/td>\n<td><\/td>\n<\/tr>\n<tr>\n<td style=\"font-size: 18px; font-weight: bold; padding: 10px;\"><\/td>\n<td><\/td>\n<\/tr>\n<tr>\n<td style=\"font-size: 18px; font-weight: bold; padding: 10px;\"><\/td>\n<td><\/td>\n<\/tr>\n<tr>\n<td style=\"font-size: 18px; font-weight: bold; padding: 10px;\"><\/td>\n<td><\/td>\n<\/tr>\n<tr>\n<td style=\"font-size: 18px; font-weight: bold; padding: 10px;\"><\/td>\n<td><\/td>\n<\/tr>\n<tr>\n<td style=\"font-size: 18px; font-weight: bold; padding: 10px;\"><\/td>\n<td><\/td>\n<\/tr>\n<tr>\n<td style=\"font-size: 18px; font-weight: bold; padding: 10px;\"><\/td>\n<td><\/td>\n<\/tr>\n<\/tbody>\n<\/table>\n<p style=\"text-align: -webkit-center;\">\u00a0 \u00a0 \u00a0 \u00a0 \u00a0 \u00a0 \u00a0 \u00a0<span style=\"text-align: -webkit-center;\"><span style=\"color: #003300; font-family: Arial, Helvetica, sans-serif;\"><span style=\"font-size: 36px;\"><strong>RES\u00daMENES\u00a0EJECUTIVOS<\/strong><\/span><\/span><\/span><\/p>\n<table style=\"color: #ffffff; font-family: 'Times New Roman'; font-size: medium;\" border=\"0\" width=\"877\">\n<tbody>\n<tr>\n<th class=\"Estilo23\" style=\"font-family: Arial, Helvetica, sans-serif; font-size: 18px;\" colspan=\"2\" scope=\"col\">\n<div class=\"Estilo16\" style=\"color: #000000;\" align=\"justify\">\n<div align=\"center\">DIRECCI\u00d3N DE CONTROL DE LA ADMINISTRACI\u00d3N CENTRAL Y DE LOS PODERES ESTADALES<\/div>\n<\/div>\n<\/th>\n<\/tr>\n<tr>\n<td style=\"color: #ffffff;\" width=\"121\"><\/td>\n<td style=\"color: #ffffff;\" width=\"746\"><\/td>\n<\/tr>\n<tr>\n<td class=\"Estilo25\" style=\"color: #000000; font-weight: bold;\" height=\"28\">01-06-0005-2016<\/td>\n<td class=\"Estilo25\" style=\"color: #000000; font-weight: bold;\">\n<div align=\"justify\"><a style=\"color: #000066;\" href=\"https:\/\/contraloriamonagas.gob.ve\/wp-content\/uploads\/documentos\/central\/REC1.pdf\">ACTUACI\u00d3N FISCAL PRACTICADA EN EL CONSEJO COMUNAL \u201cUNIDOS DEL SECTOR 3\u201d DE SABANA GRANDE, PARROQUIA LAS COCUIZAS, MUNICIPIO MATUR\u00cdN, ESTADO MONAGAS\u201d<\/a><\/div>\n<\/td>\n<\/tr>\n<tr>\n<td class=\"Estilo25\" style=\"color: #000000; font-weight: bold;\" valign=\"middle\" height=\"48\">01-06-0002-2015<\/td>\n<td class=\"Estilo25\" style=\"color: #000000; font-weight: bold;\" valign=\"middle\">\n<div align=\"justify\"><a style=\"color: #000066;\" href=\"https:\/\/contraloriamonagas.gob.ve\/wp-content\/uploads\/documentos\/central\/REC2.pdf\">\u201cACTUACI\u00d3N FISCAL PRACTICADA EN LA EN LA DIRECCI\u00d3N SECTORIAL PARA LA CIENCIA, TECNOLOG\u00cdA E INNOVACI\u00d3N DEL ESTADO MONAGAS<\/a><\/div>\n<\/td>\n<\/tr>\n<tr>\n<td class=\"Estilo25\" style=\"color: #000000; font-weight: bold;\" height=\"32\">01-06-0001-2017<\/td>\n<td class=\"Estilo25\" style=\"color: #000000; font-weight: bold;\">\n<div align=\"justify\"><a style=\"color: #000066;\" href=\"https:\/\/contraloriamonagas.gob.ve\/wp-content\/uploads\/documentos\/central\/REC3.pdf\">INFORME \u00daNICO CON OCASI\u00d3N DE LOS RESULTADOS OBTENIDOS DEL EXAMEN DE LA CUENTA DE INGRESOS, GASTOS Y BIENES DE LA GOBERNACI\u00d3N DEL ESTADO MONAGAS, CORRESPONDIENTE AL EJERCICIO ECON\u00d3MICO FINANCIERO 2015.<\/a><\/div>\n<\/td>\n<\/tr>\n<tr>\n<td class=\"Estilo25\" style=\"color: #000000; font-weight: bold;\" valign=\"middle\" height=\"27\"><span class=\"Estilo25\"> 01-06-0002-2017<\/span><\/td>\n<td class=\"Estilo25\" style=\"color: #000000; font-weight: bold;\" valign=\"middle\">\n<div align=\"justify\"><a style=\"color: #000066;\" href=\"https:\/\/contraloriamonagas.gob.ve\/wp-content\/uploads\/documentos\/central\/REC4.pdf\">INFORME \u00daNICO CON OCASI\u00d3N DE LOS RESULTADOS OBTENIDOS EN LA ACTUACI\u00d3N FISCAL DE SEGUIMIENTO PRACTICADA EN LA DIRECCI\u00d3N DE POLIC\u00cdA DEL ESTADO MONAGAS<\/a><\/div>\n<\/td>\n<\/tr>\n<tr>\n<td class=\"Estilo25\" style=\"color: #000000; font-weight: bold;\" valign=\"middle\">01-06-0003-2017<\/td>\n<td class=\"Estilo25\" style=\"color: #000000; font-weight: bold;\" valign=\"middle\">\n<div align=\"justify\"><a style=\"color: #000066;\" href=\"https:\/\/contraloriamonagas.gob.ve\/wp-content\/uploads\/documentos\/central\/REC5.pdf\">ACTUACI\u00d3N FISCAL PRACTICADA EN EL CONSEJO COMUNAL VILLAS LAS AMERICAS, PARROQUIA ALTO DE LOS GODOS, MUNICIPIO MATUR\u00cdN, ESTADO MONAGAS<\/a><\/div>\n<\/td>\n<\/tr>\n<tr>\n<td class=\"Estilo25\" style=\"color: #000000; font-weight: bold;\" valign=\"middle\" height=\"30\">1-06-01-AF-0013-2017<\/td>\n<td class=\"Estilo25\" style=\"color: #000000; font-weight: bold;\" valign=\"middle\">\n<div align=\"justify\"><a style=\"color: #000066;\" href=\"https:\/\/contraloriamonagas.gob.ve\/wp-content\/uploads\/documentos\/central\/REC6.pdf\">SEGUIMIENTO A LA ACTUACI\u00d3N FISCAL PRACTICADA EN EL CONSEJO COMUNAL \u201cSANTA ELENA DE VIBORAL\u201d PARROQUIA BOQUER\u00d3N, MUNICIPIO MATUR\u00cdN DEL ESTADO MONAGAS<\/a><\/div>\n<\/td>\n<\/tr>\n<tr>\n<td class=\"Estilo25\" style=\"color: #000000; font-weight: bold;\" height=\"28\">01-06-01-AF-0015-2017<\/td>\n<td class=\"Estilo25\" style=\"color: #000000; font-weight: bold;\" valign=\"middle\">\n<div align=\"justify\"><a style=\"color: #000066;\" href=\"https:\/\/contraloriamonagas.gob.ve\/wp-content\/uploads\/documentos\/central\/REC7.pdf\">SEGUIMIENTO A LA ACTUACI\u00d3N FISCAL PRACTICADA EN LA SECRETAR\u00cdA DEL PODER POPULAR PARA EL TALENTO HUMANO Y EL CONOCIMIENTO DE LA GOBERNACI\u00d3N DEL ESTADO MONAGAS, ESPEC\u00cdFICAMENTE EN LA DIRECCI\u00d3N SECTORIAL DE EDUCACI\u00d3N<\/a><\/div>\n<\/td>\n<\/tr>\n<tr>\n<td class=\"Estilo25\" style=\"color: #000000; font-weight: bold;\" valign=\"middle\" height=\"27\">01-06-01-AF-0016-2017<\/td>\n<td class=\"Estilo25\" style=\"color: #000000; font-weight: bold;\" valign=\"middle\">\n<div align=\"justify\"><a style=\"color: #000066;\" href=\"https:\/\/contraloriamonagas.gob.ve\/wp-content\/uploads\/documentos\/central\/REC8.pdf\">EXAMEN DE LA CUENTA DE INGRESOS, GASTOS Y BIENES DE LA PROCURADUR\u00cdA GENERAL DEL ESTADO MONAGAS, CORRESPONDIENTE AL EJERCICIO ECON\u00d3MICO FINANCIERO 2016<\/a><\/div>\n<\/td>\n<\/tr>\n<tr>\n<td class=\"Estilo25\" style=\"color: #000000; font-weight: bold;\" valign=\"middle\" height=\"47\">01-06-0006-2016<\/td>\n<td class=\"Estilo25\" style=\"color: #000000; font-weight: bold;\" valign=\"middle\">\n<div align=\"justify\"><a style=\"color: #000066;\" href=\"https:\/\/contraloriamonagas.gob.ve\/wp-content\/uploads\/documentos\/central\/REC9.pdf\" data-wplink-edit=\"true\">EXAMEN DE LA CUENTA DE INGRESOS, GASTOS Y BIENES DEL CONSEJO<br \/>\nLEGISLATIVO SOCIALISTA DEL ESTADO MONAGAS, CORRESPONDIENTE AL<br \/>\nEJERCICIO ECON\u00d3MICO FINANCIERO 2015<\/a><\/div>\n<\/td>\n<\/tr>\n<tr>\n<td class=\"Estilo25\" style=\"color: #000000; font-weight: bold;\" valign=\"middle\" height=\"45\">01-06-0007-2016<\/td>\n<td class=\"Estilo25\" style=\"color: #000000; font-weight: bold;\" valign=\"middle\">\n<div align=\"justify\"><a style=\"color: #000066;\" href=\"https:\/\/contraloriamonagas.gob.ve\/wp-content\/uploads\/documentos\/central\/REC10.pdf\">EXAMEN DE LA CUENTA DE INGRESOS, GASTOS Y BIENES DE LA PROCURADUR\u00cdA GENERAL DEL ESTADO MONAGAS, CORRESPONDIENTE AL EJERCICIO ECON\u00d3MICO FINANCIERO 2015<\/a><\/div>\n<\/td>\n<\/tr>\n<\/tbody>\n<\/table>\n<table style=\"color: #ffffff; font-family: 'Times New Roman'; font-size: medium;\" border=\"0\" width=\"874\">\n<tbody>\n<tr>\n<th class=\"Estilo23\" style=\"font-family: Arial, Helvetica, sans-serif; font-size: 18px;\" colspan=\"2\" scope=\"col\">\n<div class=\"Estilo16\" style=\"color: #000000;\" align=\"justify\">\n<div align=\"center\">DIRECCI\u00d3N DE CONTROL DE LA ADMINISTRACI\u00d3N DESCENTRALIZADA<\/div>\n<\/div>\n<\/th>\n<\/tr>\n<\/tbody>\n<\/table>\n<p>S\/N<\/p>\n<div align=\"justify\"><a style=\"color: #000066;\" href=\"https:\/\/contraloriamonagas.gob.ve\/wp-content\/uploads\/documentos\/descentralizada\/RED8.pdf\">ADMINISTRADORA INMOBILIARIA MONUMENTAL DE MATUR\u00cdN, C.A. (AIMMCA) Y FUNDACI\u00d3N COMPLEJO DEPORTIVO RECREACIONAL MONUMENTAL (FUNDAMONUMENTAL).<\/a><\/div>\n<p>S\/N<\/p>\n<div align=\"justify\"><a style=\"color: #000066;\" href=\"https:\/\/contraloriamonagas.gob.ve\/wp-content\/uploads\/documentos\/descentralizada\/RED6.pdf\">ADMINISTRACI\u00d3N DE RECURSOS EN LA EJECUCI\u00d3N DEL PROYECTO: \u201cCONSTRUCCI\u00d3N DE CINCO VIVIENDAS EN EL SECTOR \u201cLOMAS DEL VIENTO\u201d, MUNICIPIO URACOA ESTADO MONAGAS\u201d.<\/a><\/div>\n<p>N\u00b0 1-001-2011<\/p>\n<div align=\"justify\"><a style=\"color: #000066;\" href=\"https:\/\/contraloriamonagas.gob.ve\/wp-content\/uploads\/documentos\/descentralizada\/RED5.pdf\">ADMINISTRACI\u00d3N DE RECURSOS EN LA EJECUCI\u00d3N DEL PROYECTO: \u201cCONSTRUCCI\u00d3N DE CINCO VIVIENDAS EN EL SECTOR \u201cMOR\u00d3N \u00c1MBITO 7\u201d, MUNICIPIO SANTA B\u00c1RBARA ESTADO MONAGAS\u201d.<\/a><\/div>\n<p>N\u00b0 1-002-2011<\/p>\n<div align=\"justify\"><a style=\"color: #000066;\" href=\"https:\/\/contraloriamonagas.gob.ve\/wp-content\/uploads\/documentos\/descentralizada\/RED1.pdf\">DIRECCI\u00d3N DE AUDITOR\u00cdA INTERNA DEL INSTITUTO DE DEPORTE DEL ESTADO MONAGAS (INDEM)<\/a><\/div>\n<p>N\u00b0 1-003-2011<\/p>\n<div align=\"justify\"><a style=\"color: #000066;\" href=\"https:\/\/contraloriamonagas.gob.ve\/wp-content\/uploads\/documentos\/descentralizada\/RED7.pdf\">GOBERNACI\u00d3N DEL ESTADO MONAGAS<\/a><\/div>\n<p>N\u00b0 1-004-2011<\/p>\n<div align=\"justify\"><a style=\"color: #000066;\" href=\"https:\/\/contraloriamonagas.gob.ve\/wp-content\/uploads\/documentos\/descentralizada\/RED4.pdf\">INSTITUTO DE LA VIVIENDA DEL ESTADO MONAGAS (IVIM)<\/a><\/div>\n<p>N\u00b0 1-005-2011<\/p>\n<div align=\"justify\"><a style=\"color: #000066;\" href=\"https:\/\/contraloriamonagas.gob.ve\/wp-content\/uploads\/documentos\/descentralizada\/RED9.pdf\">INSTITUTO DE LA VIVIENDA DEL ESTADO MONAGAS (IVIM)<\/a><\/div>\n<p>N\u00b0 1-006-2011<\/p>\n<div align=\"justify\"><a style=\"color: #000066;\" href=\"https:\/\/contraloriamonagas.gob.ve\/wp-content\/uploads\/documentos\/descentralizada\/RED2.pdf\">INSTITUTO DE LA VIVIENDA DEL ESTADO MONAGAS (IVIM)<\/a><\/div>\n<p>N\u00b0 1-007-2011<\/p>\n<div align=\"justify\"><a style=\"color: #000066;\" href=\"https:\/\/contraloriamonagas.gob.ve\/wp-content\/uploads\/documentos\/descentralizada\/RED3.pdf\">FUNDACI\u00d3N SALUD DEL ESTADO MONAGAS (FUNDASALUD)<\/a><\/div>\n<p>N\u00b0 1-001-2012<\/p>\n<div align=\"justify\"><a style=\"color: #000066;\" href=\"https:\/\/contraloriamonagas.gob.ve\/wp-content\/uploads\/documentos\/descentralizada\/RED10.pdf\">FONDO DE CR\u00c9DITO PARA EL DESARROLLO DEL ESTADO MONAGAS (FONCREDEMO)<\/a><\/div>\n<p>N\u00b0 1-002-2012<\/p>\n<div align=\"justify\"><a style=\"color: #000066;\" href=\"https:\/\/contraloriamonagas.gob.ve\/wp-content\/uploads\/documentos\/descentralizada\/RED11.pdf\">INSTITUTO DEL DEPORTE DEL ESTADO MONAGAS (INDEM)<\/a><\/div>\n<p>N\u00b0 1-003-2012<\/p>\n<div align=\"justify\"><a style=\"color: #000066;\" href=\"https:\/\/contraloriamonagas.gob.ve\/wp-content\/uploads\/documentos\/descentralizada\/RED12.pdf\">UNIDAD DE AUDITOR\u00cdA INTERNA DEL INSTITUTO DE LA VIVIENDA DEL ESTADO MONAGAS<\/a><\/div>\n<p>N\u00ba 1-004-2012<\/p>\n<div align=\"justify\"><a style=\"color: #000066;\" href=\"https:\/\/contraloriamonagas.gob.ve\/wp-content\/uploads\/documentos\/descentralizada\/RED13.pdf\">ACTUACI\u00d3N FISCAL PRACTICADA EN LA FUNDACI\u00d3N REGIONAL \u201cEL NI\u00d1O SIM\u00d3N\u201d DEL ESTADO MONAGAS<\/a><\/div>\n<p>N\u00ba 1-005-2012<\/p>\n<div align=\"justify\"><a style=\"color: #000066;\" href=\"https:\/\/contraloriamonagas.gob.ve\/wp-content\/uploads\/documentos\/descentralizada\/RED14.pdf\">CIRCUNSCRIPCI\u00d2N MILITAR DEL ESTADO MONAGAS<\/a><\/div>\n<p>N\u00ba 1-006-2012<\/p>\n<div align=\"justify\"><a style=\"color: #000066;\" href=\"https:\/\/contraloriamonagas.gob.ve\/wp-content\/uploads\/documentos\/descentralizada\/RED15.pdf\">CONSEJO COMUNAL \u201cORQU\u00cdDEA DEL SUR\u201d<\/a><\/div>\n<p>N\u00b0 1-001-2012<\/p>\n<div align=\"justify\"><a style=\"color: #000066;\" href=\"https:\/\/contraloriamonagas.gob.ve\/wp-content\/uploads\/documentos\/descentralizada\/RED16.pdf\">INSTITUTO DE LA VIVIENDA DEL ESTADO MONAGAS (IVIM)<\/a><\/div>\n<p><a href=\"index.php?option=com_content&amp;view=article&amp;id=30\">PLAN ESTRAT\u00c9GICO<\/a><\/p>\n","protected":false},"excerpt":{"rendered":"<p>\u00a0 \u00a0 \u00a0 \u00a0 \u00a0 \u00a0 \u00a0 \u00a0RES\u00daMENES\u00a0EJECUTIVOS DIRECCI\u00d3N DE CONTROL DE LA ADMINISTRACI\u00d3N CENTRAL Y DE LOS PODERES ESTADALES 01-06-0005-2016 ACTUACI\u00d3N FISCAL PRACTICADA EN EL CONSEJO COMUNAL \u201cUNIDOS DEL SECTOR 3\u201d DE SABANA GRANDE, PARROQUIA LAS COCUIZAS, MUNICIPIO MATUR\u00cdN, ESTADO MONAGAS\u201d 01-06-0002-2015 \u201cACTUACI\u00d3N FISCAL PRACTICADA EN LA EN LA DIRECCI\u00d3N SECTORIAL PARA LA CIENCIA, [&hellip;]<\/p>\n","protected":false},"author":1,"featured_media":0,"parent":0,"menu_order":41,"comment_status":"closed","ping_status":"closed","template":"","meta":{"footnotes":""},"class_list":["post-1167","page","type-page","status-publish","hentry"],"yoast_head":"<!-- This site is optimized with the Yoast SEO plugin v27.4 - https:\/\/yoast.com\/product\/yoast-seo-wordpress\/ -->\n<title>GESTI\u00d3N CONTRALORA - Contralor\u00eda del Estado Monagas<\/title>\n<meta name=\"robots\" content=\"index, follow, max-snippet:-1, max-image-preview:large, max-video-preview:-1\" \/>\n<link rel=\"canonical\" href=\"https:\/\/contraloriamonagas.gob.ve\/?page_id=1167\" \/>\n<meta property=\"og:locale\" content=\"es_ES\" \/>\n<meta property=\"og:type\" content=\"article\" \/>\n<meta property=\"og:title\" content=\"GESTI\u00d3N CONTRALORA - Contralor\u00eda del Estado Monagas\" \/>\n<meta property=\"og:description\" content=\"\u00a0 \u00a0 \u00a0 \u00a0 \u00a0 \u00a0 \u00a0 \u00a0RES\u00daMENES\u00a0EJECUTIVOS DIRECCI\u00d3N DE CONTROL DE LA ADMINISTRACI\u00d3N CENTRAL Y DE LOS PODERES ESTADALES 01-06-0005-2016 ACTUACI\u00d3N FISCAL PRACTICADA EN EL CONSEJO COMUNAL \u201cUNIDOS DEL SECTOR 3\u201d DE SABANA GRANDE, PARROQUIA LAS COCUIZAS, MUNICIPIO MATUR\u00cdN, ESTADO MONAGAS\u201d 01-06-0002-2015 \u201cACTUACI\u00d3N FISCAL PRACTICADA EN LA EN LA DIRECCI\u00d3N SECTORIAL PARA LA CIENCIA, [&hellip;]\" \/>\n<meta property=\"og:url\" content=\"https:\/\/contraloriamonagas.gob.ve\/?page_id=1167\" \/>\n<meta property=\"og:site_name\" content=\"Contralor\u00eda del Estado Monagas\" \/>\n<meta property=\"article:publisher\" content=\"https:\/\/www.facebook.com\/pages\/Contraloria-Monagas\/386123361457715\" \/>\n<meta property=\"article:modified_time\" content=\"2026-04-09T13:14:49+00:00\" \/>\n<meta name=\"twitter:card\" content=\"summary_large_image\" \/>\n<meta name=\"twitter:label1\" content=\"Tiempo estimado de lectura\" \/>\n\t<meta name=\"twitter:data1\" content=\"3 minutos\" \/>\n<script type=\"application\/ld+json\" class=\"yoast-schema-graph\">{\"@context\":\"https:\\\/\\\/schema.org\",\"@graph\":[{\"@type\":\"WebPage\",\"@id\":\"https:\\\/\\\/contraloriamonagas.gob.ve\\\/?page_id=1167\",\"url\":\"https:\\\/\\\/contraloriamonagas.gob.ve\\\/?page_id=1167\",\"name\":\"GESTI\u00d3N CONTRALORA - Contralor\u00eda del Estado Monagas\",\"isPartOf\":{\"@id\":\"https:\\\/\\\/contraloriamonagas.gob.ve\\\/#website\"},\"datePublished\":\"2014-02-25T15:45:34+00:00\",\"dateModified\":\"2026-04-09T13:14:49+00:00\",\"breadcrumb\":{\"@id\":\"https:\\\/\\\/contraloriamonagas.gob.ve\\\/?page_id=1167#breadcrumb\"},\"inLanguage\":\"es\",\"potentialAction\":[{\"@type\":\"ReadAction\",\"target\":[\"https:\\\/\\\/contraloriamonagas.gob.ve\\\/?page_id=1167\"]}]},{\"@type\":\"BreadcrumbList\",\"@id\":\"https:\\\/\\\/contraloriamonagas.gob.ve\\\/?page_id=1167#breadcrumb\",\"itemListElement\":[{\"@type\":\"ListItem\",\"position\":1,\"name\":\"Portada\",\"item\":\"https:\\\/\\\/contraloriamonagas.gob.ve\\\/\"},{\"@type\":\"ListItem\",\"position\":2,\"name\":\"GESTI\u00d3N CONTRALORA\"}]},{\"@type\":\"WebSite\",\"@id\":\"https:\\\/\\\/contraloriamonagas.gob.ve\\\/#website\",\"url\":\"https:\\\/\\\/contraloriamonagas.gob.ve\\\/\",\"name\":\"Contralor\u00eda del Estado Monagas\",\"description\":\"hacia la consolidaci\u00f3n del sistema nacional de control fiscal\",\"publisher\":{\"@id\":\"https:\\\/\\\/contraloriamonagas.gob.ve\\\/#organization\"},\"potentialAction\":[{\"@type\":\"SearchAction\",\"target\":{\"@type\":\"EntryPoint\",\"urlTemplate\":\"https:\\\/\\\/contraloriamonagas.gob.ve\\\/?s={search_term_string}\"},\"query-input\":{\"@type\":\"PropertyValueSpecification\",\"valueRequired\":true,\"valueName\":\"search_term_string\"}}],\"inLanguage\":\"es\"},{\"@type\":\"Organization\",\"@id\":\"https:\\\/\\\/contraloriamonagas.gob.ve\\\/#organization\",\"name\":\"Contralor\u00eda del Estado Monagas\",\"url\":\"https:\\\/\\\/contraloriamonagas.gob.ve\\\/\",\"logo\":{\"@type\":\"ImageObject\",\"inLanguage\":\"es\",\"@id\":\"https:\\\/\\\/contraloriamonagas.gob.ve\\\/#\\\/schema\\\/logo\\\/image\\\/\",\"url\":\"https:\\\/\\\/contraloriamonagas.gob.ve\\\/wp-content\\\/uploads\\\/LOGO-CEM-A-COLOR-sin-fondo-1.png\",\"contentUrl\":\"https:\\\/\\\/contraloriamonagas.gob.ve\\\/wp-content\\\/uploads\\\/LOGO-CEM-A-COLOR-sin-fondo-1.png\",\"width\":3301,\"height\":2551,\"caption\":\"Contralor\u00eda del Estado Monagas\"},\"image\":{\"@id\":\"https:\\\/\\\/contraloriamonagas.gob.ve\\\/#\\\/schema\\\/logo\\\/image\\\/\"},\"sameAs\":[\"https:\\\/\\\/www.facebook.com\\\/pages\\\/Contraloria-Monagas\\\/386123361457715\"]}]}<\/script>\n<!-- \/ Yoast SEO plugin. -->","yoast_head_json":{"title":"GESTI\u00d3N CONTRALORA - Contralor\u00eda del Estado Monagas","robots":{"index":"index","follow":"follow","max-snippet":"max-snippet:-1","max-image-preview":"max-image-preview:large","max-video-preview":"max-video-preview:-1"},"canonical":"https:\/\/contraloriamonagas.gob.ve\/?page_id=1167","og_locale":"es_ES","og_type":"article","og_title":"GESTI\u00d3N CONTRALORA - Contralor\u00eda del Estado Monagas","og_description":"\u00a0 \u00a0 \u00a0 \u00a0 \u00a0 \u00a0 \u00a0 \u00a0RES\u00daMENES\u00a0EJECUTIVOS DIRECCI\u00d3N DE CONTROL DE LA ADMINISTRACI\u00d3N CENTRAL Y DE LOS PODERES ESTADALES 01-06-0005-2016 ACTUACI\u00d3N FISCAL PRACTICADA EN EL CONSEJO COMUNAL \u201cUNIDOS DEL SECTOR 3\u201d DE SABANA GRANDE, PARROQUIA LAS COCUIZAS, MUNICIPIO MATUR\u00cdN, ESTADO MONAGAS\u201d 01-06-0002-2015 \u201cACTUACI\u00d3N FISCAL PRACTICADA EN LA EN LA DIRECCI\u00d3N SECTORIAL PARA LA CIENCIA, [&hellip;]","og_url":"https:\/\/contraloriamonagas.gob.ve\/?page_id=1167","og_site_name":"Contralor\u00eda del Estado Monagas","article_publisher":"https:\/\/www.facebook.com\/pages\/Contraloria-Monagas\/386123361457715","article_modified_time":"2026-04-09T13:14:49+00:00","twitter_card":"summary_large_image","twitter_misc":{"Tiempo estimado de lectura":"3 minutos"},"schema":{"@context":"https:\/\/schema.org","@graph":[{"@type":"WebPage","@id":"https:\/\/contraloriamonagas.gob.ve\/?page_id=1167","url":"https:\/\/contraloriamonagas.gob.ve\/?page_id=1167","name":"GESTI\u00d3N CONTRALORA - Contralor\u00eda del Estado Monagas","isPartOf":{"@id":"https:\/\/contraloriamonagas.gob.ve\/#website"},"datePublished":"2014-02-25T15:45:34+00:00","dateModified":"2026-04-09T13:14:49+00:00","breadcrumb":{"@id":"https:\/\/contraloriamonagas.gob.ve\/?page_id=1167#breadcrumb"},"inLanguage":"es","potentialAction":[{"@type":"ReadAction","target":["https:\/\/contraloriamonagas.gob.ve\/?page_id=1167"]}]},{"@type":"BreadcrumbList","@id":"https:\/\/contraloriamonagas.gob.ve\/?page_id=1167#breadcrumb","itemListElement":[{"@type":"ListItem","position":1,"name":"Portada","item":"https:\/\/contraloriamonagas.gob.ve\/"},{"@type":"ListItem","position":2,"name":"GESTI\u00d3N CONTRALORA"}]},{"@type":"WebSite","@id":"https:\/\/contraloriamonagas.gob.ve\/#website","url":"https:\/\/contraloriamonagas.gob.ve\/","name":"Contralor\u00eda del Estado Monagas","description":"hacia la consolidaci\u00f3n del sistema nacional de control fiscal","publisher":{"@id":"https:\/\/contraloriamonagas.gob.ve\/#organization"},"potentialAction":[{"@type":"SearchAction","target":{"@type":"EntryPoint","urlTemplate":"https:\/\/contraloriamonagas.gob.ve\/?s={search_term_string}"},"query-input":{"@type":"PropertyValueSpecification","valueRequired":true,"valueName":"search_term_string"}}],"inLanguage":"es"},{"@type":"Organization","@id":"https:\/\/contraloriamonagas.gob.ve\/#organization","name":"Contralor\u00eda del Estado Monagas","url":"https:\/\/contraloriamonagas.gob.ve\/","logo":{"@type":"ImageObject","inLanguage":"es","@id":"https:\/\/contraloriamonagas.gob.ve\/#\/schema\/logo\/image\/","url":"https:\/\/contraloriamonagas.gob.ve\/wp-content\/uploads\/LOGO-CEM-A-COLOR-sin-fondo-1.png","contentUrl":"https:\/\/contraloriamonagas.gob.ve\/wp-content\/uploads\/LOGO-CEM-A-COLOR-sin-fondo-1.png","width":3301,"height":2551,"caption":"Contralor\u00eda del Estado Monagas"},"image":{"@id":"https:\/\/contraloriamonagas.gob.ve\/#\/schema\/logo\/image\/"},"sameAs":["https:\/\/www.facebook.com\/pages\/Contraloria-Monagas\/386123361457715"]}]}},"_links":{"self":[{"href":"https:\/\/contraloriamonagas.gob.ve\/index.php?rest_route=\/wp\/v2\/pages\/1167","targetHints":{"allow":["GET"]}}],"collection":[{"href":"https:\/\/contraloriamonagas.gob.ve\/index.php?rest_route=\/wp\/v2\/pages"}],"about":[{"href":"https:\/\/contraloriamonagas.gob.ve\/index.php?rest_route=\/wp\/v2\/types\/page"}],"author":[{"embeddable":true,"href":"https:\/\/contraloriamonagas.gob.ve\/index.php?rest_route=\/wp\/v2\/users\/1"}],"replies":[{"embeddable":true,"href":"https:\/\/contraloriamonagas.gob.ve\/index.php?rest_route=%2Fwp%2Fv2%2Fcomments&post=1167"}],"version-history":[{"count":12,"href":"https:\/\/contraloriamonagas.gob.ve\/index.php?rest_route=\/wp\/v2\/pages\/1167\/revisions"}],"predecessor-version":[{"id":6642,"href":"https:\/\/contraloriamonagas.gob.ve\/index.php?rest_route=\/wp\/v2\/pages\/1167\/revisions\/6642"}],"wp:attachment":[{"href":"https:\/\/contraloriamonagas.gob.ve\/index.php?rest_route=%2Fwp%2Fv2%2Fmedia&parent=1167"}],"curies":[{"name":"wp","href":"https:\/\/api.w.org\/{rel}","templated":true}]}}